{"id":1018,"date":"2022-09-28T08:01:43","date_gmt":"2022-09-28T08:01:43","guid":{"rendered":"https:\/\/soldadurasslp.com\/index.php\/product\/skyview-650n-careta-electronica\/"},"modified":"2022-10-12T07:55:20","modified_gmt":"2022-10-12T07:55:20","slug":"skyview-650n-careta-electronica","status":"publish","type":"product","link":"https:\/\/soldadurasslp.com\/index.php\/product\/skyview-650n-careta-electronica\/","title":{"rendered":"SKYVIEW 650N &#8211; Careta Electr\u00f3nica"},"content":{"rendered":"<p>La careta SKYVIEW 650 N, ofrece la mejor calidad de visi\u00f3n en todos los procesos, ya sea MMA, MIG o TIG. Incorpora una pel\u00edcula de regulaci\u00f3n, tanto para el grado de oscuridad DIN, como para la selecci\u00f3n del modo pulidora (GRINDING). Permite la regulaci\u00f3n microm\u00e9trica de la sensibilidad y el retardo de estado oscuro a claro.<br \/>\nSeguridad, comodidad y resistencia.<br \/>\n4 sensores<br \/>\nRegulaci\u00f3n DIN 9 &#8211; 13<br \/>\nFunci\u00f3n pulidora<\/p>\n<p><em><strong>Principales caracter\u00edsticas<\/strong><\/em><br \/>\nAmplia y excelente calidad de visi\u00f3n.<br \/>\nNylon ultra flexible, reforzado con fibra de vidrio.<br \/>\nDoble alimentaci\u00f3n; Solar y Li Cel, bater\u00eda intercambiable.<br \/>\nArn\u00e9s de alto confort con cuatro puntos de soporte, con doble soporte superior ajustable para una mayor sensibilidad.<br \/>\n<em><strong>Accesorios incluidos<\/strong><\/em><br \/>\nFiltro electr\u00f3nico SKYVIEW 610.<br \/>\nProtecci\u00f3n exterior policarbonato.<br \/>\nProtecci\u00f3n interior policarbonato.<br \/>\nArn\u00e9s para SKYVIEW 800.<\/p>\n<div class=\"wpforms-container wpforms-container-full\" id=\"wpforms-1535\"><form id=\"wpforms-form-1535\" class=\"wpforms-validate wpforms-form wpforms-ajax-form\" data-formid=\"1535\" method=\"post\" enctype=\"multipart\/form-data\" action=\"\/index.php\/wp-json\/wp\/v2\/product\/1018\" data-token=\"9e6ca5f1cdb2088837dbddd059d7a2ba\"><div class=\"wpforms-head-container\"><div class=\"wpforms-title\">Cotiza<\/div><\/div><noscript class=\"wpforms-error-noscript\">Por favor, activa JavaScript en tu navegador para completar este formulario.<\/noscript><div class=\"wpforms-field-container\"><div id=\"wpforms-1535-field_1-container\" class=\"wpforms-field wpforms-field-name\" data-field-id=\"1\"><label class=\"wpforms-field-label\" for=\"wpforms-1535-field_1\">Nombre <span class=\"wpforms-required-label\">*<\/span><\/label><input type=\"text\" id=\"wpforms-1535-field_1\" class=\"wpforms-field-medium wpforms-field-required\" name=\"wpforms[fields][1]\" required><\/div><div id=\"wpforms-1535-field_6-container\" class=\"wpforms-field wpforms-field-text\" data-field-id=\"6\"><label class=\"wpforms-field-label\" for=\"wpforms-1535-field_6\">N\u00famero <span class=\"wpforms-required-label\">*<\/span><\/label><input type=\"text\" id=\"wpforms-1535-field_6\" class=\"wpforms-field-medium wpforms-field-required\" name=\"wpforms[fields][6]\" required><\/div><div id=\"wpforms-1535-field_3-container\" class=\"wpforms-field wpforms-field-email\" data-field-id=\"3\"><label class=\"wpforms-field-label\" for=\"wpforms-1535-field_3\">Correo electr\u00f3nico <span class=\"wpforms-required-label\">*<\/span><\/label><input type=\"email\" id=\"wpforms-1535-field_3\" class=\"wpforms-field-medium wpforms-field-required\" name=\"wpforms[fields][3]\" spellcheck=\"false\" required><\/div><div id=\"wpforms-1535-field_4-container\" class=\"wpforms-field wpforms-field-text\" data-field-id=\"4\"><label class=\"wpforms-field-label\" for=\"wpforms-1535-field_4\">Empresa<\/label><input type=\"text\" id=\"wpforms-1535-field_4\" class=\"wpforms-field-medium\" name=\"wpforms[fields][4]\" ><\/div><div id=\"wpforms-1535-field_5-container\" class=\"wpforms-field wpforms-field-textarea\" data-field-id=\"5\"><label class=\"wpforms-field-label\" for=\"wpforms-1535-field_5\">\u00bfQu\u00e9 necesitas? <span class=\"wpforms-required-label\">*<\/span><\/label><textarea id=\"wpforms-1535-field_5\" class=\"wpforms-field-medium wpforms-field-required\" name=\"wpforms[fields][5]\" required><\/textarea><\/div><\/div><!-- .wpforms-field-container --><div class=\"wpforms-submit-container\" ><input type=\"hidden\" name=\"wpforms[id]\" value=\"1535\"><input type=\"hidden\" name=\"wpforms[author]\" value=\"1\"><button type=\"submit\" name=\"wpforms[submit]\" id=\"wpforms-submit-1535\" class=\"wpforms-submit\" data-alt-text=\"Enviando...\" data-submit-text=\"Enviar\" aria-live=\"assertive\" value=\"wpforms-submit\">Enviar<\/button><img loading=\"lazy\" decoding=\"async\" src=\"https:\/\/soldadurasslp.com\/wp-content\/plugins\/wpforms-lite\/assets\/images\/submit-spin.svg\" class=\"wpforms-submit-spinner\" style=\"display: none;\" width=\"26\" height=\"26\" alt=\"Cargando\"><\/div><\/form><\/div>  <!-- .wpforms-container -->\n","protected":false},"excerpt":{"rendered":"<p>La careta SKYVIEW 650 N, ofrece la mejor calidad de visi\u00f3n en todos los procesos, ya sea MMA, MIG o TIG. Incorpora una pel\u00edcula de regulaci\u00f3n, tanto para el grado de oscuridad DIN, como para la selecci\u00f3n del modo pulidora (GRINDING). Permite la regulaci\u00f3n microm\u00e9trica de la sensibilidad y el retardo de estado oscuro a [&hellip;]<\/p>\n","protected":false},"featured_media":2507,"template":"","meta":{"om_disable_all_campaigns":false,"_mi_skip_tracking":false,"_monsterinsights_sitenote_active":false,"_monsterinsights_sitenote_note":"","_monsterinsights_sitenote_category":0},"product_cat":[23],"product_tag":[58,350],"jetpack_sharing_enabled":true,"_links":{"self":[{"href":"https:\/\/soldadurasslp.com\/index.php\/wp-json\/wp\/v2\/product\/1018"}],"collection":[{"href":"https:\/\/soldadurasslp.com\/index.php\/wp-json\/wp\/v2\/product"}],"about":[{"href":"https:\/\/soldadurasslp.com\/index.php\/wp-json\/wp\/v2\/types\/product"}],"version-history":[{"count":1,"href":"https:\/\/soldadurasslp.com\/index.php\/wp-json\/wp\/v2\/product\/1018\/revisions"}],"predecessor-version":[{"id":2508,"href":"https:\/\/soldadurasslp.com\/index.php\/wp-json\/wp\/v2\/product\/1018\/revisions\/2508"}],"wp:featuredmedia":[{"embeddable":true,"href":"https:\/\/soldadurasslp.com\/index.php\/wp-json\/wp\/v2\/media\/2507"}],"wp:attachment":[{"href":"https:\/\/soldadurasslp.com\/index.php\/wp-json\/wp\/v2\/media?parent=1018"}],"wp:term":[{"taxonomy":"product_cat","embeddable":true,"href":"https:\/\/soldadurasslp.com\/index.php\/wp-json\/wp\/v2\/product_cat?post=1018"},{"taxonomy":"product_tag","embeddable":true,"href":"https:\/\/soldadurasslp.com\/index.php\/wp-json\/wp\/v2\/product_tag?post=1018"}],"curies":[{"name":"wp","href":"https:\/\/api.w.org\/{rel}","templated":true}]}}